(2827,2,'files_trashbin/files/deltacloudsync sicherung.d1536396599/DeltaCloudSync/Krone/Imkerverein Klötze/OneDrive-2017-04-20/B13 - Kalt überwintern.pdf','932c3c6d11c64cee23b1c7bd50f0c83f',2815,'B13 - Kalt überwintern.pdf',5,3,3458018,1492733350,1492733350,0,0,'8c5d8487a7da6cf31de02c129137595d',27,''),(2828,2,'files_trashbin/files/deltacloudsync sicherung.d1536396599/DeltaCloudSync/Krone/Imkerverein Klötze/OneDrive-2017-04-20/B16 - Smoker betreiben.pdf','2644e85f6f9ce67200ef25b31d555455',2815,'B16 - Smoker betreiben.pdf',5,3,144354,1492733350,1492733350,0,0,'7fdd215b20d3ea2e164f23f28ef76f8d',27,''),(2829,2,'files_trashbin/files/deltacloudsync sicherung.d1536396599/DeltaCloudSync/Krone/Imkerverein Klötze/OneDrive-2017-04-20/B18 - Zusatzmaterial Bienendaten.pdf','bb6331286ecd0c74aa77112823384442',2815,'B18 - Zusatzmaterial Bienendaten.pdf',5,3,108478,1492733350,1492733350,0,0,'56b41e9675ee7afdd32eda773108b125',27,''),(2830,2,'files_trashbin/files/deltacloudsync sicherung.d1536396599/DeltaCloudSync/Krone/Imkerverein Klötze/OneDrive-2017-04-20/B17 - Warum ist mein Volk tot.pdf','9cd922c129a8b2a08491e25cee7f3c46',2815,'B17 - Warum ist mein Volk tot.pdf',5,3,1743159,1492733350,1492733350,0,0,'4265ae4e5ebdee07b03ba76d66e96231',27,''),(2831,2,'files_trashbin/files/deltacloudsync sicherung.d1536396599/DeltaCloudSync/Krone/Imkerverein Klötze/OneDrive-2017-04-20/B19 - Zusatzmaterial Wie stark ist mein Volk.pdf','74ff62d273f984fc3b20c887c96c2cf2',2815,'B19 - Zusatzmaterial Wie stark ist mein Volk.pdf',5,3,4561721,1492733351,1492733351,0,0,'0024d1c8309656dacf6c9d3a7911f70c',27,''),(2832,2,'files_trashbin/files/deltacloudsync sicherung.d1536396599/DeltaCloudSync/Krone/Imkerverein Klötze/OneDrive-2017-04-20/B20 - Zusatzmaterial Bienenweidepflanzen.pdf','5938a84b9e6aec3694b4b1693101c112',2815,'B20 - Zusatzmaterial Bienenweidepflanzen.pdf',5,3,39290,1492733350,1492733350,0,0,'1f1050a6432dd17e337497a50ee40998',27,''),(2834,2,'files_trashbin/files/deltacloudsync sicherung.d1536396599/DeltaCloudSync/Krone/Imkerverein Klötze/OneDrive-2017-04-20/B3 - Infos für Februar.pdf','8ba3336da153b92819e51753ab973407',2815,'B3 - Infos für Februar.pdf',5,3,1645311,1492733350,1492733350,0,0,'e76639abcf601c550ee754bfafc4a73d',27,''),(2835,2,'files_trashbin/files/deltacloudsync sicherung.d1536396599/DeltaCloudSync/Krone/Imkerverein Klötze/OneDrive-2017-04-20/B2 - Infos für Januar.pdf','913bf5b1c0facb5c1d657b40b3f86a18',2815,'B2 - Infos für Januar.pdf',5,3,8621641,1492733350,1492733350,0,0,'4e507e5a3a0628719aca32df4073809c',27,''),(2836,2,'files_trashbin/files/deltacloudsync sicherung.d1536396599/DeltaCloudSync/Krone/Imkerverein Klötze/OneDrive-2017-04-20/B5 - Futtervorrat prüfen1.pdf','8b3958f53a081e5dfef18e5abdb39670',2815,'B5 - Futtervorrat prüfen1.pdf',5,3,5849754,1492733350,1492733350,0,0,'a074184f1a65d5759ec75a4556598bce',27,''),(2837,2,'files_trashbin/files/deltacloudsync sicherung.d1536396599/DeltaCloudSync/Krone/Imkerverein Klötze/OneDrive-2017-04-20/B4 - Infos für März.pdf','f794b74ce40f614dba1bbef0b221fb9d',2815,'B4 - Infos für März.pdf',5,3,9071820,1492733350,1492733350,0,0,'22ef760318d1a71e92fcded7c67aa6e7',27,''),(2839,2,'files_trashbin/files/deltacloudsync sicherung.d1536396599/DeltaCloudSync/Krone/Imkerverein Klötze/OneDrive-2017-04-20/B6 - Futtervorrat prüfen2.pdf','2b30ca43cd4cdf8d535db649a1d80871',2815,'B6 - Futtervorrat prüfen2.pdf',5,3,2598897,1492733351,1492733351,0,0,'82bdf4e56a731ab11d79a0c7c8c7a37a',27,''),(2840,2,'files_trashbin/files/deltacloudsync sicherung.d1536396599/DeltaCloudSync/Krone/Imkerverein Klötze/OneDrive-2017-04-20/B8 - Schwächlinge erweitern.pdf','6a5e5609fd891e1e05481e036e33a5fc',2815,'B8 - Schwächlinge erweitern.pdf',5,3,113616,1492733350,1492733350,0,0,'765592efb74350178ffe05448365a0d6',27,''),(2841,2,'files_trashbin/files/deltacloudsync sicherung.d1536396599/DeltaCloudSync/Krone/Imkerverein Klötze/OneDrive-2017-04-20/B7 - Schwache sanieren.pdf','feeb9ad2ca487aae8c6cbbea899226b6',2815,'B7 - Schwache sanieren.pdf',5,3,6732408,1492733351,1492733351,0,0,'82d64a08f457bcde7f76fdfdf5f264c5',27,''),(2843,2,'files_trashbin/files/deltacloudsync sicherung.d1536396599/DeltaCloudSync/Krone/Imkerverein Klötze/OneDrive-2017-04-20a','fd72db2000c5b3cfeaebf8f69fa7d9f1',2812,'OneDrive-2017-04-20a',2,1,63249120,1536348636,1536348636,0,0,'5b92d1dc661c0',31,''),(2845,2,'files_trashbin/files/deltacloudsync sicherung.d1536396599/DeltaCloudSync/Krone/Imkerverein Klötze/OneDrive-2017-04-20/B9 - Beute & Stellplatz.pdf','06f6fe95530f6098d904b2fffb112fd9',2815,'B9 - Beute & Stellplatz.pdf',5,3,4908397,1492733350,1492733350,0,0,'486d8a43bfd0a22ab73a068ec3947304',27,''),(2846,2,'files_trashbin/files/deltacloudsync sicherung.d1536396599/DeltaCloudSync/Krone/Imkerverein Klötze/OneDrive-2017-04-20a/Für Kursleiter_Leitfaden für Praxis 1.pdf','98d7db100438b1b4501be9ca7972415a',2843,'Für Kursleiter_Leitfaden für Praxis 1.pdf',5,3,7124,1492733336,1492733336,0,0,'dab01f5d76eb2d82c1978a7b7ffd5611',27,''),(2852,2,'files_trashbin/files/deltacloudsync sicherung.d1536396599/DeltaCloudSync/Krone/Imkerverein Klötze/OneDrive-2017-04-20.zip','db1e620e42595a2c96a749b2c294ba37',2812,'OneDrive-2017-04-20.zip',25,3,54783814,1492732121,1492732121,0,0,'67972d84dd145e5e820fac4c5650a8e9',27,''),(2870,2,'files_trashbin/files/deltacloudsync sicherung.d1536396599/DeltaCloudSync/Krone/Imkerverein Klötze/OneDrive-2017-04-20a/Vortrag  B Praxis 2017.pptx','0e282bacc8b066059fd3609a3c032911',2843,'Vortrag  B Praxis 2017.pptx',26,3,63241996,1492733337,1492733337,0,0,'f1ac72532357deb1829bb9c8dfc40bf9',27,''),(2871,2,'files_trashbin/files/deltacloudsync sicherung.d1536396599/DeltaCloudSync/Krone/Imkerverein Klötze/OneDrive-2017-04-20a.zip','a6ca1425b205efb1965ab571bffe5fc4',2812,'OneDrive-2017-04-20a.zip',25,3,63249430,1492732167,1492732167,0,0,'ed1ccf42b70285942129a410c553ee76',27,''),(2873,2,'files_trashbin/files/deltacloudsync sicherung.d1536396599/DeltaCloudSync/Krone/KD/Scan0897.pdf','17f9eafaf1aa9c94f3b06f0e5889c486',2813,'Scan0897.pdf',5,3,2047863,1492008821,1492008821,0,0,'f847b163dadf3ec7cf548146f81d5029',27,''),(2874,2,'files_trashbin/files/deltacloudsync sicherung.d1536396599/DeltaCloudSync/Krone/KD/Scan0898.pdf','f87014b2731b0f6ab8d06ba88aae4b45',2813,'Scan0898.pdf',5,3,1952123,1492009083,1492009083,0,0,'3124bd0e4364b49f3b4fc2873d6051a0',27,''),(2875,2,'files_trashbin/files/deltacloudsync sicherung.d1536396599/DeltaCloudSync/Krone/KD/Scan0899.pdf','3f03c0a7b95ecb9d8faa5de58a9ca597',2813,'Scan0899.pdf',5,3,2057274,1492150117,1492150117,0,0,'ceb822d84e4c5487b1c3ae2cb6613a82',27,''),(2876,2,'files_trashbin/files/deltacloudsync sicherung.d1536396599/DeltaCloudSync/Krone/KD/Scan0900.pdf','22ae8d5a244cc96e118d63b21c898d77',2813,'Scan0900.pdf',5,3,1952706,1492150164,1492150164,0,0,'1a5623f7036fa61700c6e7d80e4c718d',27,''),(2879,2,'files_trashbin/files/deltacloudsync sicherung.d1536396599/DeltaCloudSync/Krone/Mappe 8/8.42 Alleluja.pdf','6cbbf1c7f37e0b52577ee2e738432fd4',2814,'8.42 Alleluja.pdf',5,3,429806,1515756242,1515756242,0,0,'3e131b46ca1a6fff6e850da980a86ea2',27,''),(2881,2,'files_trashbin/files/deltacloudsync sicherung.d1536396599/DeltaCloudSync/Krone/Imkerverein Klötze/Video-Demo.mp4','1ee112b6a6a706ef36f9cc7577d8b2f5',2812,'Video-Demo.mp4',7,6,50455570,1492732014,1492732014,0,0,'31be22a6221451d4d73778d0d771e250',27,''),(2882,2,'files_trashbin/files/deltacloudsync sicherung.d1536396599/DeltaCloudSync/Krone/Mappe 8/Scan0067.pdf','90ccbeb4ef186b24ee0143eeb63ea476',2814,'Scan0067.pdf',5,3,568659,1456833024,1456833024,0,0,'b89d085c5367cd44714439a393bb6138',27,''),(2883,2,'files_trashbin/files/deltacloudsync sicherung.d1536396599/DeltaCloudSync/Krone/Mappe 8/Scan0801.pdf','47414e947375ef607303098c9f3be27c',2814,'Scan0801.pdf',5,3,1337665,1457617763,1457617763,0,0,'070a11567ebbdaa27bb8564f5299a3b2',27,''),(2884,2,'files_trashbin/files/deltacloudsync sicherung.d1536396599/DeltaCloudSync/Krone/Mappe 8/Scan0802.pdf','ae55a4336290c31b6dd6abf1f00367d3',2814,'Scan0802.pdf',5,3,1390323,1457617821,1457617821,0,0,'81f1c6bd5b9d9ead2bcb5a32612a7752',27,''),(2885,2,'files_trashbin/files/deltacloudsync sicherung.d1536396599/DeltaCloudSync/Krone/Mappe 8/Scan0803.pdf','4d2f39339a51a42625b4db16f954ad89',2814,'Scan0803.pdf',5,3,1894846,1457618197,1457618197,0,0,'553cc73400881466fecd37a6e4f60e85',27,''),(2886,2,'files_trashbin/files/deltacloudsync sicherung.d1536396599/DeltaCloudSync/Krone/Mappe 8/Scan0804.pdf','362dff2ad6c445a444ef3ba96cef78be',2814,'Scan0804.pdf',5,3,1983368,1457618240,1457618240,0,0,'6151090d8a344e1ce6fa054f98e3d953',27,''),(2887,2,'files_trashbin/files/deltacloudsync sicherung.d1536396599/DeltaCloudSync/Krone/Mappe 8/Scan0805.pdf','31f610d7e9ddde6546d09fa13cbf5aef',2814,'Scan0805.pdf',5,3,2291065,1457618288,1457618288,0,0,'dffabf971c3f67ccb57567712023366b',27,''),(2889,2,'files_trashbin/files/deltacloudsync sicherung.d1536396599/DeltaCloudSync/Krone/Mappe 8/Scan0806.pdf','3d76e085621885e95dbf4c1a0e1b3b31',2814,'Scan0806.pdf',5,3,2313634,1457618347,1457618347,0,0,'d170a6cc5e7f25fa8bb8e8906bb8fbe1',27,''),(2890,2,'files_trashbin/files/deltacloudsync sicherung.d1536396599/DeltaCloudSync/Krone/Mappe 8/Scan0808.pdf','6abdaba565c6a53e75a75839a42a9e78',2814,'Scan0808.pdf',5,3,2323957,1457618473,1457618473,0,0,'e6fecf867702345cb6c8855511a524b8',27,''),(2891,2,'files_trashbin/files/deltacloudsync sicherung.d1536396599/DeltaCloudSync/Krone/Mappe 8/Scan0807.pdf','f38a61f935d3b1ade9bb78426f8e9174',2814,'Scan0807.pdf',5,3,2282054,1457618394,1457618394,0,0,'a02f1960b654cdd00f0e40b53e6cc654',27,''),(2892,2,'files_trashbin/files/deltacloudsync sicherung.d1536396599/DeltaCloudSync/Krone/Mappe 8/Scan0810.pdf','e3c3e19cf3b89aad45790264eedd769b',2814,'Scan0810.pdf',5,3,2603617,1457618623,1457618623,0,0,'467cb90bedab6aa5e9e06f4523704f21',27,''),(2893,2,'files_trashbin/files/deltacloudsync sicherung.d1536396599/DeltaCloudSync/Krone/Mappe 8/Scan0809.pdf','35fc4b5e4fcff573d25f3f8247ffa5b6',2814,'Scan0809.pdf',5,3,2704648,1457618523,1457618523,0,0,'66cf64187e671ede725e38d825a409e7',27,''),(2894,2,'files_trashbin/files/deltacloudsync sicherung.d1536396599/DeltaCloudSync/Krone/Mappe 8/Scan0811.pdf','0110a64595dd71ece36c2dc9ee562198',2814,'Scan0811.pdf',5,3,2676215,1457618667,1457618667,0,0,'5a3d7439067ee2748ea850f222e9498e',27,''),(2896,2,'files_trashbin/files/deltacloudsync sicherung.d1536396599/DeltaCloudSync/Krone/Mappe 8/Scan0813.pdf','ba57c4f529ec20769d77f425e30979f6',2814,'Scan0813.pdf',5,3,3314440,1457618802,1457618802,0,0,'b2131b003c7534cf7cb335ea7ca1afce',27,''),(2897,2,'files_trashbin/files/deltacloudsync sicherung.d1536396599/DeltaCloudSync/Krone/Mappe 8/Scan0812.pdf','7070e89788ce4566b5e87840a6ff10f0',2814,'Scan0812.pdf',5,3,3383498,1457618728,1457618728,0,0,'ed69e38661ae1b83c358f0f7ab3e4a18',27,''),(2898,2,'files_trashbin/files/deltacloudsync sicherung.d1536396599/DeltaCloudSync/Krone/Mappe 8/Scan0815.pdf','b8038cbfcb3e4ed8e27a9209cf8d948a',2814,'Scan0815.pdf',5,3,2652119,1457618906,1457618906,0,0,'508f807d491bd0d05dea6d2bc163ce16',27,''),(2899,2,'files_trashbin/files/deltacloudsync sicherung.d1536396599/DeltaCloudSync/Krone/Mappe 8/Scan0814.pdf','45f7521dc074371d9789c3903f02f092',2814,'Scan0814.pdf',5,3,2366792,1457618855,1457618855,0,0,'364447fe2d3567163c83c1490ac35997',27,''),(2901,2,'files_trashbin/files/deltacloudsync sicherung.d1536396599/DeltaCloudSync/Krone/Mappe 8/Scan0816.pdf','bd0658c89ebb64a05fa4ea946d0804ad',2814,'Scan0816.pdf',5,3,1964926,1457618957,1457618957,0,0,'76994fc854280b39dafcafb94accf379',27,''),(2902,2,'files_trashbin/files/deltacloudsync sicherung.d1536396599/DeltaCloudSync/Krone/Mappe 8/Scan0817.pdf','9717f7fb6c634e7de189f008a01e47f9',2814,'Scan0817.pdf',5,3,2241359,1457619007,1457619007,0,0,'4ae8a5e8d0f83d6a3ecddc3b17aeed3c',27,''),(2903,2,'files_trashbin/files/deltacloudsync sicherung.d1536396599/DeltaCloudSync/Krone/Mappe 8/Scan0819.pdf','f98d227c6c36dbfdc13730143562e755',2814,'Scan0819.pdf',5,3,2376611,1458827301,1458827301,0,0,'1729b8ba230ca9cecb3881c0834b8ccc',27,''),(2904,2,'files_trashbin/files/deltacloudsync sicherung.d1536396599/DeltaCloudSync/Krone/Mappe 8/Scan0818.pdf','81a22935d959d15d7488981cf4700099',2814,'Scan0818.pdf',5,3,3116526,1458822133,1458822133,0,0,'5ce197c5b2d61216004656efa2bd1e63',27,''),(2905,2,'files_trashbin/files/deltacloudsync sicherung.d1536396599/DeltaCloudSync/Krone/Mappe 8/Scan0821.pdf','2d3d2b78cc438e86c0a85c390f8ccff2',2814,'Scan0821.pdf',5,3,3313871,1458828577,1458828577,0,0,'219274265ccc47e11e60cbda387457c8',27,''),(2906,2,'files_trashbin/files/deltacloudsync sicherung.d1536396599/DeltaCloudSync/Krone/Mappe 8/Scan0820.pdf','0d87ba463b0884b6d81a89b6bb87e905',2814,'Scan0820.pdf',5,3,3479025,1458828507,1458828507,0,0,'057f0fa4199db05a97f23fba054b3733',27,''),(2907,2,'files_trashbin/files/deltacloudsync sicherung.d1536396599/DeltaCloudSync/Krone/Mappe 8/Scan0965.pdf','89873a191d1895aec06a46cdb3ec0915',2814,'Scan0965.pdf',5,3,2354404,1527851280,1527851280,0,0,'59e861032afa0fb628d59dfeeec52e05',27,''),(2908,2,'files_trashbin/files/deltacloudsync sicherung.d1536396599/DeltaCloudSync/Krone/Posaune','1b6c145c54d7b71fe3288186d5c26ada',2708,'Posaune',2,1,11442784,1536348867,1536348867,0,0,'5b92d2c3a176f',31,''),(2909,2,'files_trashbin/files/deltacloudsync sicherung.d1536396599/DeltaCloudSync/Krone/TYPO3-Videos','1e9b442c94b208eb0caa2c250a786680',2708,'TYPO3-Videos',2,1,207493925,1536396544,1536396544,0,0,'5b938d0151cad',31,''),(2911,2,'files_trashbin/files/deltacloudsync sicherung.d1536396599/DeltaCloudSync/Krone/Posaune/PinkPanther.pdf','be9dfb9075b7627b028eef16ccde789c',2908,'PinkPanther.pdf',5,3,2724301,1514886870,1514886870,0,0,'9c189703c9a10a0931f7047a283b866f',27,''),(2912,2,'files_trashbin/files/deltacloudsync sicherung.d1536396599/DeltaCloudSync/Krone/Mappe 8/Scan0966.pdf','1bdb47163e4916050afc9da7996943d7',2814,'Scan0966.pdf',5,3,2309811,1527851322,1527851322,0,0,'64bcaed788404c0868b4bc386d9b32c2',27,''),(2913,2,'files_trashbin/files/deltacloudsync sicherung.d1536396599/DeltaCloudSync/Krone/Posaune/Upside Down.pdf','ad0d85d6bac63a42d849022e9a16da6c',2908,'Upside Down.pdf',5,3,3652950,1528142248,1528142248,0,0,'e82a7b5a572a08437b27abcbfe554a96',27,''),(2915,2,'files_trashbin/files/deltacloudsync sicherung.d1536396599/DeltaCloudSync/Krone/Posaune/Tonleiteretüden nach Rubank.pdf','01716f90329a416d05c5bf24c3f57fc7',2908,'Tonleiteretüden nach Rubank.pdf',5,3,5065533,1528132529,1528132529,0,0,'a106ae132551324c35df47b4b96d6e10',27,''),(2927,2,'files_trashbin/files/deltacloudsync sicherung.d1536396599/DeltaCloudSync/Krone/TYPO3-Videos/Teil 11׃ Tabellen im Rich Text Editor (TYPO3 7 LTS für Redakteure).mp4','51a7783ffb770e833c9def1b6857be70',2909,'Teil 11׃ Tabellen im Rich Text Editor (TYPO3 7 LTS für Redakteure).mp4',7,6,26588485,1487719767,1487719767,0,0,'a8d577c71936268fedf507ae11240caf',27,''),(2931,2,'files_trashbin/files/deltacloudsync sicherung.d1536396599/DeltaCloudSync/Krone/TYPO3-Videos/Teil 10׃ Texte erstellen und bearbeiten mit dem Rich Text Editor ((TYPO3 7 LTS für Redakteure).mp4','f82fdab2d565001d26327da3716ed04f',2909,'Teil 10׃ Texte erstellen und bearbeiten mit dem Rich Text Editor ((TYPO3 7 LTS für Redakteure).mp4',7,6,40244894,1487719758,1487719758,0,0,'4e5787b3b24c01a260f5cac3769368d0',27,''),(2940,2,'files_trashbin/files/deltacloudsync sicherung.d1536396599/DeltaCloudSync/Krone/TYPO3-Videos/Teil 12׃ Texte im RTE einfügen (TYPO3 7 LTS für Redakteure).mp4','c2125f57ded51d9483bbe2921623f3c6',2909,'Teil 12׃ Texte im RTE einfügen (TYPO3 7 LTS für Redakteure).mp4',7,6,29873200,1487719778,1487719778,0,0,'fdb23fab358e40199356cdb9325af4be',27,''),(2944,2,'files_trashbin/files/deltacloudsync sicherung.d1536396599/DeltaCloudSync/Krone/TYPO3-Videos/Teil 13׃ Allgemeine Eingabefelder in Inhaltselementen (TYPO3 7 LTS für Redakteure).mp4','d47951cb2b5d675d093e937291a20318',2909,'Teil 13׃ Allgemeine Eingabefelder in Inhaltselementen (TYPO3 7 LTS für Redakteure).mp4',7,6,20404988,1487719786,1487719786,0,0,'e9672dcafccba155b8806007d15c0641',27,''),(2952,2,'files_trashbin/files/deltacloudsync sicherung.d1536396599/DeltaCloudSync/Krone/TYPO3-Videos/Teil 14׃ Das Inhaltselement “Überschrift“ (TYPO3 7 LTS für Redakteure).mp4','917af7d1344c77ff2c3eced61ecfd478',2909,'Teil 14׃ Das Inhaltselement “Überschrift“ (TYPO3 7 LTS für Redakteure).mp4',7,6,22631186,1487719793,1487719793,0,0,'c3cb4d237a0b0ee74d1a8c2369eb82c3',27,''),(2956,2,'files_trashbin/files/deltacloudsync sicherung.d1536396599/DeltaCloudSync/Krone/TYPO3-Videos/Teil 16׃ Das Inhaltselement “Aufzählung“ (TYPO3 7 LTS für Redakteure).mp4','1cf96532d19b637ddb8ded74aaa1b6ac',2909,'Teil 16׃ Das Inhaltselement “Aufzählung“ (TYPO3 7 LTS für Redakteure).mp4',7,6,7246105,1487719809,1487719809,0,0,'9b4a6fedbf10853db41a795c7ad56c5f',27,''),(2961,2,'files_trashbin/files/deltacloudsync sicherung.d1536396599/DeltaCloudSync/Krone/TYPO3-Videos/Teil 15׃ Das Inhaltselement “Text & Media“.mp4','f130c9a4e7565ad0b102ee0fc9905124',2909,'Teil 15׃ Das Inhaltselement “Text & Media“.mp4',7,6,41884626,1487719803,1487719803,0,0,'156b73179d7b5c6e094097fd5cb4551a',27,''),(2965,2,'files_trashbin/files/deltacloudsync sicherung.d1536396599/DeltaCloudSync/Photos','bff92a2fb8dc20063265c40c34b44b50',2705,'Photos',2,1,0,1536396535,1536396535,0,0,'5b938cf76ad8c',31,''),(2966,2,'files_trashbin/files/deltacloudsync sicherung.d1536396599/DeltaCloudSync/Posaunenchor Cobbel','aed3cd7054c5387af236178dcb8a5027',2705,'Posaunenchor Cobbel',2,1,0,1536396546,1536396546,0,0,'5b938d02564bd',31,''),(2967,2,'files_trashbin/files/deltacloudsync sicherung.d1536396599/DeltaCloudSync/Rom','4edd1e097dd204b690312983d3f1cf81',2705,'Rom',2,1,0,1536396546,1536396546,0,0,'5b938d0313359',31,''),(2968,2,'files_trashbin/files/deltacloudsync sicherung.d1536396599/DeltaCloudSync/Posaunenchor Cobbel/DEPT2016','b198213a59ecce6460c976cc98575676',2966,'DEPT2016',2,1,0,1536396540,1536396540,0,0,'5b938cfcc40c5',31,''),(2970,2,'files_trashbin/files/deltacloudsync sicherung.d1536396599/DeltaCloudSync/Posaunenchor Cobbel/MuseScore','1975a26d3acafbaddf52d155d55eb0ef',2966,'MuseScore',2,1,0,1536396538,1536396538,0,0,'5b938cfaaaeb1',31,''),(2971,2,'files_trashbin/files/deltacloudsync sicherung.d1536396599/DeltaCloudSync/Posaunenchor Cobbel/DEPT2016/Fotos','526a6806fa06140d424ee88e6059827f',2968,'Fotos',2,1,0,1536396539,1536396539,0,0,'5b938cfb34dba',31,''),(2972,2,'files_trashbin/files/deltacloudsync sicherung.d1536396599/DeltaCloudSync/Posaunenchor Cobbel/DEPT2016/Hörbeispiele-MP3','ca8a36d9432618223b2fdd85f71c2641',2968,'Hörbeispiele-MP3',2,1,0,1536396539,1536396539,0,0,'5b938cfb8ae0a',31,''),(2973,2,'files_trashbin/files/deltacloudsync sicherung.d1536396599/DeltaCloudSync/Posaunenchor Cobbel/DEPT2016/Noten EG','2a279bad3e1a3322b65f63a84e8cb414',2968,'Noten EG',2,1,0,1536396539,1536396539,0,0,'5b938cfb96cee',31,''),(2974,2,'files_trashbin/files/deltacloudsync sicherung.d1536396599/DeltaCloudSync/Posaunenchor Cobbel/DEPT2016/Unterlagen aktuell','1a6d97e680ed076679a3d0c7d31678b4',2968,'Unterlagen aktuell',2,1,0,1536396540,1536396540,0,0,'5b938cfc12020',31,''),(2975,2,'files_trashbin/files/deltacloudsync sicherung.d1536396599/DeltaCloudSync/Posaunenchor Cobbel/DEPT2016/Unterlagen alte','ccf18274118cd5caaefb8c0588519ef5',2968,'Unterlagen alte',2,1,0,1536396540,1536396540,0,0,'5b938cfc5fa4a',31,''),(2976,2,'files_trashbin/files/deltacloudsync sicherung.d1536396599/DeltaCloudSync/Posaunenchor Cobbel/DEPT2016/Videos','d608abe769a40931084970b26bd56218',2968,'Videos',2,1,0,1536396540,1536396540,0,0,'5b938cfc9a24b',31,''),(2977,2,'files_trashbin/files/deltacloudsync sicherung.d1536396599/DeltaCloudSync/Posaunenchor Cobbel/Noten sonstige','323599339fc57d0db6e1bfc7641bc5c6',2966,'Noten sonstige',2,1,0,1536396540,1536396540,0,0,'5b938cfca4f01',31,''),(2978,2,'files_trashbin/files/deltacloudsync sicherung.d1536396599/DeltaCloudSync/Posaunenchor Cobbel/PCC Bläserheft 03','fadba9aefc14a9757b9f6a482a4e74d7',2966,'PCC Bläserheft 03',2,1,0,1536396540,1536396540,0,0,'5b938cfcf199f',31,''),(2979,2,'files_trashbin/files/deltacloudsync sicherung.d1536396599/DeltaCloudSync/Posaunenchor Cobbel/PCC Gloria 2008','71fdd8bba13a684226e9798eeb00302e',2966,'PCC Gloria 2008',2,1,0,1536396541,1536396541,0,0,'5b938cfd60b1b',31,''),(2980,2,'files_trashbin/files/deltacloudsync sicherung.d1536396599/DeltaCloudSync/Posaunenchor Cobbel/PCC Gloria 2016','112cc7e122f4cb9ace45ec37652f9f30',2966,'PCC Gloria 2016',2,1,0,1536396541,1536396541,0,0,'5b938cfda917a',31,''),(2981,2,'files_trashbin/files/deltacloudsync sicherung.d1536396599/DeltaCloudSync/Posaunenchor Cobbel/PCC Jubiläum 2015','a5cb963714b6e1b6acb0719233b74183',2966,'PCC Jubiläum 2015',2,1,0,1536396541,1536396541,0,0,'5b938cfde5348',31,''),(2982,2,'files_trashbin/files/deltacloudsync sicherung.d1536396599/DeltaCloudSync/Posaunenchor Cobbel/PCC Mappe 1','51c25f938b14f282cc06e7a6021b79f7',2966,'PCC Mappe 1',2,1,0,1536396542,1536396542,0,0,'5b938cfe1a864',31,''),(2983,2,'files_trashbin/files/deltacloudsync sicherung.d1536396599/DeltaCloudSync/Posaunenchor Cobbel/PCC Mappe 2','00310305cd0f38ddf111cecd32b59256',2966,'PCC Mappe 2',2,1,0,1536396542,1536396542,0,0,'5b938cfe7aea0',31,''),(2984,2,'files_trashbin/files/deltacloudsync sicherung.d1536396599/DeltaCloudSync/Posaunenchor Cobbel/PCC Mappe 4','fb9f789c16db02e2476af9870941d0db',2966,'PCC Mappe 4',2,1,0,1536396542,1536396542,0,0,'5b938cfeb6f56',31,''),(2985,2,'files_trashbin/files/deltacloudsync sicherung.d1536396599/DeltaCloudSync/Posaunenchor Cobbel/PCC Mappe 6','cbe723194a752e5d01096ef9b9209cb1',2966,'PCC Mappe 6',2,1,0,1536396543,1536396543,0,0,'5b938cff19f82',31,''),(2986,2,'files_trashbin/files/deltacloudsync sicherung.d1536396599/DeltaCloudSync/Posaunenchor Cobbel/PCC Mappe 7','3ad85dfc62d07aa38ae389e7a82d0f86',2966,'PCC Mappe 7',2,1,0,1536396543,1536396543,0,0,'5b938cff6e4f3',31,''),(2988,2,'files_trashbin/files/deltacloudsync sicherung.d1536396599/DeltaCloudSync/Posaunenchor Cobbel/PCC Mappen Inhaltsverzeichnisse','6628e3910b88723f36a9714db405591a',2966,'PCC Mappen Inhaltsverzeichnisse',2,1,0,1536396544,1536396544,0,0,'5b938d0031542',31,''),(2989,2,'files_trashbin/files/deltacloudsync sicherung.d1536396599/DeltaCloudSync/Posaunenchor Cobbel/PCC Mappe 8','895d358773f9765f757cc3e22ab839a4',2966,'PCC Mappe 8',2,1,0,1536396544,1536396544,0,0,'5b938d003ad79',31,''),(2990,2,'files_trashbin/files/deltacloudsync sicherung.d1536396599/DeltaCloudSync/Posaunenchor Cobbel/PCC Mappe 9','1c4b04e1f6517517b774f32181ac21c9',2966,'PCC Mappe 9',2,1,0,1536396544,1536396544,0,0,'5b938d0049307',31,''),(2991,2,'files_trashbin/files/deltacloudsync sicherung.d1536396599/DeltaCloudSync/Posaunenchor Cobbel/PCC Noten 234 ZDV','a5132fc47e1ff1fc92839c61cd250d24',2966,'PCC Noten 234 ZDV',2,1,0,1536396544,1536396544,0,0,'5b938d00521c4',31,''),(2992,2,'files_trashbin/files/deltacloudsync sicherung.d1536396599/DeltaCloudSync/Krone/TYPO3-Videos/Teil 17׃ Das Inhaltselement “Tabelle“ (TYPO3 7 LTS für Redakteure).mp4','2eaa7a133c2dffcf9d556d4cfd6e06c0',2909,'Teil 17׃ Das Inhaltselement “Tabelle“ (TYPO3 7 LTS für Redakteure).mp4',7,6,18620441,1487719816,1487719816,0,0,'8ca14ae77fe9a6941c62a2033c0bfc84',27,''),(2993,2,'files_trashbin/files/deltacloudsync sicherung.d1536396599/DeltaCloudSync/Posaunenchor Cobbel/PCC Noten EG','0240cfb5cbebe3336b273dea24b18351',2966,'PCC Noten EG',2,1,0,1536396545,1536396545,0,0,'5b938d0115bbc',31,''),(2994,2,'files_trashbin/files/deltacloudsync sicherung.d1536396599/DeltaCloudSync/Posaunenchor Cobbel/PCC Volkslieder','f711f3803050df05c6db0eddcd9c8197',2966,'PCC Volkslieder',2,1,0,1536396545,1536396545,0,0,'5b938d0120875',31,''),(2995,2,'files_trashbin/files/deltacloudsync sicherung.d1536396599/DeltaCloudSync/Posaunenchor Cobbel/PCC Noten KD','8d920c0acf3bb947014264c52ce557f5',2966,'PCC Noten KD',2,1,0,1536396545,1536396545,0,0,'5b938d012996b',31,''),(2996,2,'files_trashbin/files/deltacloudsync sicherung.d1536396599/DeltaCloudSync/Posaunenchor Cobbel/PCC Querbeet','796183bded1d09defc5fde142226a811',2966,'PCC Querbeet',2,1,0,1536396545,1536396545,0,0,'5b938d01330df',31,''),(2997,2,'files_trashbin/files/deltacloudsync sicherung.d1536396599/DeltaCloudSync/Posaunenchor Cobbel/Software','d5958854ee6cad25c1f5de098715ad5e',2966,'Software',2,1,0,1536396546,1536396546,0,0,'5b938d0203389',31,''),(2998,2,'files_trashbin/files/deltacloudsync sicherung.d1536396599/DeltaCloudSync/Posaunenchor Cobbel/Posaunenwerk','435bc01ce73284b416446d2a132b02f5',2966,'Posaunenwerk',2,1,0,1536396546,1536396546,0,0,'5b938d0211111',31,''),(2999,2,'files_trashbin/files/deltacloudsync sicherung.d1536396599/DeltaCloudSync/Posaunenchor Cobbel/PCC Vorspielheft','66bdd92caeb9c483460f825af7bdcb12',2966,'PCC Vorspielheft',2,1,0,1536396546,1536396546,0,0,'5b938d0217b30',31,''),(3000,2,'files_trashbin/files/deltacloudsync sicherung.d1536396599/DeltaCloudSync/Posaunenchor Cobbel/Termine 2016','19d0e170438ec9786782bdc9e41aee28',2966,'Termine 2016',2,1,0,1536396546,1536396546,0,0,'5b938d02224f5',31,''),(3001,2,'files_trashbin/files/deltacloudsync sicherung.d1536396599/DeltaCloudSync/Posaunenchor Cobbel/Termine 2017','5992a9d0f9df28f50ef129aadedf3c05',2966,'Termine 2017',2,1,0,1536396546,1536396546,0,0,'5b938d022c8f5',31,''),(3002,2,'files_trashbin/files/deltacloudsync sicherung.d1536396599/DeltaCloudSync/Posaunenchor Cobbel/Termine 2018','4cb745943ed57227bdf72c953734d0af',2966,'Termine 2018',2,1,0,1536396546,1536396546,0,0,'5b938d023679a',31,''),(3003,2,'files_trashbin/files/deltacloudsync sicherung.d1536396599/DeltaCloudSync/Rom/anja Fotos','1f01ebd0810b792fc5775ad43e0b1e6d',2967,'anja Fotos',2,1,0,1536396546,1536396546,0,0,'5b938d02d4c52',31,''),(3004,2,'files_trashbin/files/deltacloudsync sicherung.d1536396599/DeltaCloudSync/ebay schlosser-ir','b4b35d52edced46770b1ed9550bf4b61',2705,'ebay schlosser-ir',2,1,0,1536396548,1536396548,0,0,'5b938d04369b5',31,''),(3005,2,'files_trashbin/files/deltacloudsync sicherung.d1536396599/DeltaCloudSync/Software','1bff89c7a0bd33224d4075dafd0ae62b',2705,'Software',2,1,0,1536396550,1536396548,0,0,'5b938d072049d',31,''),(3006,2,'files_trashbin/files/deltacloudsync sicherung.d1536396599/DeltaCloudSync/ebay unserVogelhaus','af3fe5ff3fa54eb043e277784fa984c8',2705,'ebay unserVogelhaus',2,1,0,1536396551,1536396551,0,0,'5b938d07a6fdb',31,''),(3007,2,'files_trashbin/files/deltacloudsync sicherung.d1536396599/DeltaCloudSync/ebay schlosser-ir/Türbeschläge Gold-Silber','93b5415ec8556f109a9181a97ab20080',3004,'Türbeschläge Gold-Silber',2,1,0,1536396547,1536396547,0,0,'5b938d03e30bf',31,''),(3008,2,'files_trashbin/files/deltacloudsync sicherung.d1536396599/DeltaCloudSync/ebay unserVogelhaus/Futterwürfel 01 grün','1af34c848d63141c0393f90db1becbe3',3006,'Futterwürfel 01 grün',2,1,0,1536396547,1536396547,0,0,'5b938d03ecbf7',31,''),(3009,2,'files_trashbin/files/deltacloudsync sicherung.d1536396599/DeltaCloudSync/ebay schlosser-ir/Rollbahn','fe23bf395ae985e5946c24abfe90217c',3004,'Rollbahn',2,1,0,1536396548,1536396548,0,0,'5b938d0403d84',31,''),(3010,2,'files_trashbin/files/deltacloudsync sicherung.d1536396599/DeltaCloudSync/ebay schlosser-ir/Weihnachsbaumständer','426aeb093adc11d8bf37c13c15ee13fc',3004,'Weihnachsbaumständer',2,1,0,1536396548,1536396548,0,0,'5b938d040dcd8',31,''),(3011,2,'files_trashbin/files/deltacloudsync sicherung.d1536396599/DeltaCloudSync/Software/fastviewer','ddff26106eebf1d61171657851d62e2b',3005,'fastviewer',2,1,0,1536396548,1536396548,0,0,'5b938d0418d83',31,''),(3012,2,'files_trashbin/files/deltacloudsync sicherung.d1536396599/DeltaCloudSync/Software/Nero 10 Essentials','06109b9ce12fe4ec38482d92ef295f89',3005,'Nero 10 Essentials',2,1,0,1536396550,1536396548,0,0,'5b938d072049d',31,''),(3013,2,'files_trashbin/files/deltacloudsync sicherung.d1536396599/DeltaCloudSync/Software/Nero 10 Essentials/Nero 10 Essentials','7eca72e35941b5033a81e49e9f5ac5a4',3012,'Nero 10 Essentials',2,1,0,1536396548,1536396548,0,0,'5b938d04b8b1d',31,''),(3014,2,'files_trashbin/files/deltacloudsync sicherung.d1536396599/DeltaCloudSync/Software/Nero 10 Essentials/SmartErase','5d4f3229a158bdad4af97a3683c68edc',3012,'SmartErase',2,1,0,1536396548,1536396548,0,0,'5b938d04c35f6',31,''),(3015,2,'files_trashbin/files/deltacloudsync sicherung.d1536396599/DeltaCloudSync/Software/Nero 10 Essentials/Drive\'s User Manual','1414c4478602bf1533cb3ac60e47d86f',3012,'Drive\'s User Manual',2,1,0,1536396550,1536396550,0,0,'5b938d063de4b',31,''),(3016,2,'files_trashbin/files/deltacloudsync sicherung.d1536396599/DeltaCloudSync/Software/Nero 10 Essentials/Redist','e34462833e10c84a81a45241e1e10ec0',3012,'Redist',2,1,0,1536396550,1536396550,0,0,'5b938d072049d',31,''),(3017,2,'files_trashbin/files/deltacloudsync sicherung.d1536396599/DeltaCloudSync/Software/Nero 10 Essentials/NeroLinux','a3814b9548d92c80d0fd951bda8e8fe2',3012,'NeroLinux',2,1,0,1536396548,1536396548,0,0,'5b938d04e03f7',31,''),(3018,2,'files_trashbin/files/deltacloudsync sicherung.d1536396599/DeltaCloudSync/ebay unserVogelhaus/Futterwürfel 01 rot','b1cd423b48a6b093527a34b73babd1ce',3006,'Futterwürfel 01 rot',2,1,0,1536396549,1536396549,0,0,'5b938d055fdfc',31,''),(3019,2,'files_trashbin/files/deltacloudsync sicherung.d1536396599/DeltaCloudSync/ebay unserVogelhaus/Futterwürfel 01 schwarz','22e27c83560465b2e5db8e23cfef0f7a',3006,'Futterwürfel 01 schwarz',2,1,0,1536396549,1536396549,0,0,'5b938d056bc9b',31,''),(3020,2,'files_trashbin/files/deltacloudsync sicherung.d1536396599/DeltaCloudSync/ebay unserVogelhaus/Hochbeet 80x84x30','d2b4d4d6c59f72d9f0f33ae354d99cff',3006,'Hochbeet 80x84x30',2,1,0,1536396550,1536396550,0,0,'5b938d06aa395',31,''),(3021,2,'files_trashbin/files/deltacloudsync sicherung.d1536396599/DeltaCloudSync/Software/Nero 10 Essentials/Drive\'s User Manual/External Slim DVD ReWriter Manual','a65a47d9a192ca994199b3b372d530b3',3015,'External Slim DVD ReWriter Manual',2,1,0,1536396549,1536396549,0,0,'5b938d058a83b',31,''),(3022,2,'files_trashbin/files/deltacloudsync sicherung.d1536396599/DeltaCloudSync/Software/Nero 10 Essentials/Drive\'s User Manual/External DVD ReWriter Manual','2281228bbb14af6903018c20a1eff2fa',3015,'External DVD ReWriter Manual',2,1,0,1536396549,1536396549,0,0,'5b938d059a309',31,''),(3023,2,'files_trashbin/files/deltacloudsync sicherung.d1536396599/DeltaCloudSync/Software/Nero 10 Essentials/Drive\'s User Manual/Internal DVD ReWriter Manual','7bfda5b5fd8b5c8b87dac8206be6819b',3015,'Internal DVD ReWriter Manual',2,1,0,1536396549,1536396549,0,0,'5b938d05a21e2',31,''),(3024,2,'files_trashbin/files/deltacloudsync sicherung.d1536396599/DeltaCloudSync/Software/Nero 10 Essentials/Drive\'s User Manual/Internal DVD-ROM Manual','648960408bfa4b9c753bd5043dd91de2',3015,'Internal DVD-ROM Manual',2,1,0,1536396550,1536396550,0,0,'5b938d0613ae3',31,''),(3025,2,'files_trashbin/files/deltacloudsync sicherung.d1536396599/DeltaCloudSync/Software/Nero 10 Essentials/Redist/Images','6a98a2d6ed9d440bb8e3ed131b356d57',3016,'Images',2,1,0,1536396550,1536396550,0,0,'5b938d072049d',31,''),(3026,2,'files_trashbin/files/deltacloudsync sicherung.d1536396599/DeltaCloudSync/ebay unserVogelhaus/Hochbeet 80x84x30/Zusammenbau','ba29c4e3d66025452cdf207b51248692',3020,'Zusammenbau',2,1,0,1536396550,1536396550,0,0,'5b938d0671266',31,''),(3027,2,'files_trashbin/files/deltacloudsync sicherung.d1536396599/DeltaCloudSync/ebay unserVogelhaus/Kartoffelturm 2016 3 Etagen','4408a93c2ce7c52c21f3a9f31bca333c',3006,'Kartoffelturm 2016 3 Etagen',2,1,0,1536396550,1536396550,0,0,'5b938d067bb2f',31,''),(3028,2,'files_trashbin/files/deltacloudsync sicherung.d1536396599/DeltaCloudSync/ebay unserVogelhaus/Holzhäuser','40bdf63c31e955de694fe353ef4e2084',3006,'Holzhäuser',2,1,0,1536396550,1536396550,0,0,'5b938d0689141',31,''),(3029,2,'files_trashbin/files/deltacloudsync sicherung.d1536396599/DeltaCloudSync/ebay unserVogelhaus/Kartoffelturm 2016 2 Etagen','66c61c7a802e3346f47501dcfe15847e',3006,'Kartoffelturm 2016 2 Etagen',2,1,0,1536396550,1536396550,0,0,'5b938d0692506',31,''),(3030,2,'files_trashbin/files/deltacloudsync sicherung.d1536396599/DeltaCloudSync/Software/Nero 10 Essentials/Redist/Images/Bckg','07535dff92833a2dfb1a487f4014d2e0',3025,'Bckg',2,1,0,1536396550,1536396550,0,0,'5b938d07009c6',31,''),(3031,2,'files_trashbin/files/deltacloudsync sicherung.d1536396599/DeltaCloudSync/ebay unserVogelhaus/Kartoffelturm 2017 Mod.No.1','512ca1f781e9f87a6d73f0885d912d29',3006,'Kartoffelturm 2017 Mod.No.1',2,1,0,1536396551,1536396551,0,0,'5b938d070775e',31,''),(3032,2,'files_trashbin/files/deltacloudsync sicherung.d1536396599/DeltaCloudSync/ebay unserVogelhaus/Kartoffelturm 2017 Mod.No.2','93a615c5b21cf3302d57c119427f4ee7',3006,'Kartoffelturm 2017 Mod.No.2',2,1,0,1536396551,1536396551,0,0,'5b938d075a6c5',31,''),(3033,2,'files_trashbin/files/deltacloudsync sicherung.d1536396599/DeltaCloudSync/ebay unserVogelhaus/Nikon D80','7698fb63e7a461dba983abf285a20847',3006,'Nikon D80',2,1,0,1536396551,1536396551,0,0,'5b938d076c428',31,''),(3034,2,'files_trashbin/files/deltacloudsync sicherung.d1536396599/DeltaCloudSync/ebay unserVogelhaus/Kartoffelturm 50x54x60 3-etagig','649e9480cb95428aaa7674230ea76cd5',3006,'Kartoffelturm 50x54x60 3-etagig',2,1,0,1536396551,1536396551,0,0,'5b938d07776a9',31,''),(3035,1,'appdata_oc8gadaa5oxk/preview/1437/911-911-crop.png','0afba04747d71c5d629c2fd3e066fd5f',1830,'911-911-crop.png',21,11,195377,1536655016,1536655016,0,0,'ba67a6db1f059f9682d7fefee129d1b3',27,''),(3042,1,'appdata_oc8gadaa5oxk/preview/2300','f2597738b5a603c271eb5d2a1638ead5',5,'2300',2,1,59590,1537779093,1537779092,0,0,'5ba8a5954dacb',31,''),(3043,1,'appdata_oc8gadaa5oxk/preview/2336','82ad3bda5d4e673c52815531b67e3f17',5,'2336',2,1,253669,1537779094,1537779094,0,0,'5ba8a596eaf12',31,''),(3044,1,'appdata_oc8gadaa5oxk/preview/2300/1020-200-max.png','936374ce8206a19eb2498f0f3d092e35',3042,'1020-200-max.png',21,11,44904,1537779092,1537779092,0,0,'9c0ebac067a1978d7e468541f7168416',27,''),(3045,1,'appdata_oc8gadaa5oxk/preview/2300/200-200-crop.png','a58cca3d0d428897cc5181ae131de3f0',3042,'200-200-crop.png',21,11,14686,1537779093,1537779093,0,0,'1730e0be8fc2d300df57f1ac71b264c8',27,''),(3046,1,'appdata_oc8gadaa5oxk/preview/2336/2048-1360-max.png','b32721cdb586a5b721529ae819739a06',3043,'2048-1360-max.png',21,11,243149,1537779094,1537779094,0,0,'b8336b25f8ea1394316d0f39073eee6f',27,''),(3047,1,'appdata_oc8gadaa5oxk/preview/2336/256-256-crop.png','89a5d26fe464e5cf6c86d64c3b18c1d3',3043,'256-256-crop.png',21,11,10520,1537779094,1537779094,0,0,'a97ad7e2dfebe6b1980dd69a297bfea0',27,''),(3048,1,'appdata_oc8gadaa5oxk/preview/2338','b12ac2690a7fc52d05f677ba633880a9',5,'2338',2,1,459110,1537779097,1537779097,0,0,'5ba8a599badd7',31,''),(3049,1,'appdata_oc8gadaa5oxk/preview/2338/2048-1360-max.png','316cda6503d6e5c4cd6fd827a271cd2b',3048,'2048-1360-max.png',21,11,443463,1537779097,1537779097,0,0,'32829f63d93e5917dc76f17b64705dac',27,''),(3050,1,'appdata_oc8gadaa5oxk/preview/2338/256-256-crop.png','55aa815fd6f04ef9e082e0a8fed84c82',3048,'256-256-crop.png',21,11,15647,1537779097,1537779097,0,0,'350930a08a6c7c86178186deebf54864',27,''),(3051,1,'appdata_oc8gadaa5oxk/preview/2337','507605a302675188e98f9c23edf40f8e',5,'2337',2,1,276142,1537779100,1537779100,0,0,'5ba8a59cce5e2',31,''),(3052,1,'appdata_oc8gadaa5oxk/preview/2337/2048-1360-max.png','27626b08b72477cbd421fc8d3aad8b7d',3051,'2048-1360-max.png',21,11,264983,1537779099,1537779099,0,0,'5dbcef2e05a9e050fc35090dbdc71e51',27,''),(3053,1,'appdata_oc8gadaa5oxk/preview/2337/256-256-crop.png','79527696af81aa621d60e372fc87eeaf',3051,'256-256-crop.png',21,11,11159,1537779100,1537779100,0,0,'f7c691a6755af682f2fed485358496d3',27,''),(3054,1,'appdata_oc8gadaa5oxk/preview/2339','7889e0b4f5f79531d2798fb22114e9e6',5,'2339',2,1,297361,1537779104,1537779103,0,0,'5ba8a5a046cec',31,''),(3055,1,'appdata_oc8gadaa5oxk/preview/2339/1360-2048-max.png','64d50cb913b7ddae876f2ae8c4343905',3054,'1360-2048-max.png',21,11,287448,1537779103,1537779103,0,0,'a77170071b78da5d86eda52bfc030d75',27,''),(3056,1,'appdata_oc8gadaa5oxk/preview/2339/256-256-crop.png','73a954d51cc0015f53bd05ae425941c6',3054,'256-256-crop.png',21,11,9913,1537779104,1537779104,0,0,'afc818efcabfc927fc3984a6bc01f3a8',27,''),(3057,1,'appdata_oc8gadaa5oxk/preview/1905','d92ce485b921b9d7535f3f7e7cbc95ef',5,'1905',2,1,294654,1537779117,1537779117,0,0,'5ba8a5ad611d5',31,''),(3058,1,'appdata_oc8gadaa5oxk/preview/1905/1100-734-max.png','ebf82d24ec49193116f14b76b5bb6535',3057,'1100-734-max.png',21,11,272443,1537779116,1537779116,0,0,'5dacafd14ef1f08d482ad35c94b3692e',27,''),(3059,1,'appdata_oc8gadaa5oxk/preview/1905/256-256-crop.png','1433c3c889563dca98446303ac74a2a4',3057,'256-256-crop.png',21,11,22211,1537779117,1537779117,0,0,'c7e738939b2426cb6343be23db3737c7',27,''),(3060,1,'appdata_oc8gadaa5oxk/preview/1906','b7a2ea7355f499b7298c32741ca8e455',5,'1906',2,1,476104,1537779118,1537779118,0,0,'5ba8a5aed7c25',31,''),(3061,1,'appdata_oc8gadaa5oxk/preview/1906/2000-1333-max.png','dd8e49feda4627b98ee7fd2172bcfe48',3060,'2000-1333-max.png',21,11,461107,1537779118,1537779118,0,0,'d2ac3adddfb661bce95fa092fde60558',27,''),(3062,1,'appdata_oc8gadaa5oxk/preview/1906/256-256-crop.png','a2246393276f810e139e632864f6cfcd',3060,'256-256-crop.png',21,11,14997,1537779118,1537779118,0,0,'8b63329cc6c2b0de499efa4c89d88e76',27,''),(3063,1,'appdata_oc8gadaa5oxk/preview/1904','7a7490283904b64234726e5fc2991286',5,'1904',2,1,686279,1537779120,1537779120,0,0,'5ba8a5b0870b8',31,''),(3064,1,'appdata_oc8gadaa5oxk/preview/1904/2000-1333-max.png','c8e8a644e9354265b5d7474f446787ac',3063,'2000-1333-max.png',21,11,667973,1537779119,1537779119,0,0,'794c7d9b22ffc38014682c8da8d56279',27,''),(3065,1,'appdata_oc8gadaa5oxk/preview/1904/256-256-crop.png','e1b301e080921174fa7d9469912e4bd4',3063,'256-256-crop.png',21,11,18306,1537779120,1537779120,0,0,'f8c580b1fc19344b2b0ffd2d886e022e',27,''),(3066,1,'appdata_oc8gadaa5oxk/preview/1909','c2c951fc2a09d31782fdd24d857d24f0',5,'1909',2,1,171703,1537779121,1537779121,0,0,'5ba8a5b1bcad0',31,''),(3067,1,'appdata_oc8gadaa5oxk/preview/1909/1024-683-max.png','6f178f7b9c65106df3de5f8dcb31371a',3066,'1024-683-max.png',21,11,156083,1537779121,1537779121,0,0,'3066b0c54aee81c712a29abaefafa4fa',27,''),(3068,1,'appdata_oc8gadaa5oxk/preview/1909/256-256-crop.png','988c0898a2f8fc0e1af90a150f448b3d',3066,'256-256-crop.png',21,11,15620,1537779121,1537779121,0,0,'fd43cce79daa32744d980264d230a890',27,''),(3069,2,'files/Outlook','09cea93bde79c137a52b9c26bb87b79d',7,'Outlook',2,1,0,1537780292,1537780292,0,0,'5ba8aa44ce768',31,''),(3070,2,'files/Outlook/Upload-Files','291968af5d0e47d9dc8168e35246cf11',3069,'Upload-Files',2,1,0,1537780291,1537780291,0,0,'5ba8aa43487ae',31,''),(3071,2,'files/Outlook/Public-Share','64153b5aa573cb9da60e908c23dd03be',3069,'Public-Share',2,1,0,1537780292,1537780292,0,0,'5ba8aa44ae5d3',31,'');

--
-- Table structure for table `oc_files_trash`
--

CREATE TABLE `oc_files_trash` (
  `auto_id` int(11) NOT NULL AUTO_INCREMENT,
  `id` varchar(250) COLLATE utf8mb4_bin NOT NULL DEFAULT '',
  `user` varchar(64) COLLATE utf8mb4_bin NOT NULL DEFAULT '',
  `timestamp` varchar(12) COLLATE utf8mb4_bin NOT NULL DEFAULT '',
  `location` varchar(512) COLLATE utf8mb4_bin NOT NULL DEFAULT '',
  `type` varchar(4) COLLATE utf8mb4_bin DEFAULT NULL,
  `mime` varchar(255) COLLATE utf8mb4_bin DEFAULT NULL,
  PRIMARY KEY (`auto_id`),
  KEY `id_index` (`id`),
  KEY `timestamp_index` (`timestamp`),
  KEY `user_index` (`user`)
) ENGINE=InnoDB AUTO_INCREMENT=82 DEFAULT CHARSET=utf8mb4 COLLATE=utf8mb4_bin ROW_FORMAT=COMPRESSED;

--
-- Dumping data for table `oc_files_trash`
--

INSERT INTO `oc_files_trash` VALUES (1,'Photos','Admin','1496152651','.',NULL,NULL),(2,'Photos','PCC','1496153006','.',NULL,NULL),(3,'Nextcloud Manual.pdf','PCC','1496153006','.',NULL,NULL),(4,'Documents','PCC','1496153006','.',NULL,NULL),(5,'Nextcloud.mp4','PCC','1496153006','.',NULL,NULL),(6,'6.2 Sommarpsalm.pdf','Admin','1497442725','Posaunenchor Cobbel/PCC Mappe 6',NULL,NULL),(7,'Scan0917.pdf','Admin','1497447382','Posaunenchor Cobbel/PCC Querbeet',NULL,NULL),(8,'Scan0918.pdf','Admin','1497448332','Posaunenchor Cobbel/PCC Querbeet',NULL,NULL),(9,'Scan0919.pdf','Admin','1497448332','Posaunenchor Cobbel/PCC Querbeet',NULL,NULL),(10,'Suits','Admin','1497517381','.',NULL,NULL),(11,'OEBFD_Logo.tif','Admin','1502947790','DELTA Computer/öbfd',NULL,NULL),(12,'Neuer Ordner','Admin','1506693713','Posaunenchor Cobbel',NULL,NULL),(13,'Fotos','Admin','1509373626','Posaunenchor Cobbel',NULL,NULL),(14,'Noten 234','Admin','1509373678','Posaunenchor Cobbel',NULL,NULL),(15,'Noten KD','Admin','1509373683','Posaunenchor Cobbel',NULL,NULL),(16,'7.35 LastChrismas_Tenor.pdf','Admin','1509388089','/Posaunenchor Cobbel/PCC Mappe 7',NULL,NULL),(17,'7.35 LastChrismas_Tenor.pdf','PCC','1509388089','Posaunenchor Cobbel/PCC Mappe 7',NULL,NULL),(18,'7.35 LastChrismas_Partitur.pdf','Admin','1509388094','/Posaunenchor Cobbel/PCC Mappe 7',NULL,NULL),(19,'7.35 LastChrismas_Partitur.pdf','PCC','1509388094','Posaunenchor Cobbel/PCC Mappe 7',NULL,NULL),(20,'7.30 Die Nacht ist vorgedrungen.pdf','Admin','1509683019','/Posaunenchor Cobbel/PCC Mappe 7',NULL,NULL),(21,'7.30 Die Nacht ist vorgedrungen.pdf','PCC','1509683019','Posaunenchor Cobbel/PCC Mappe 7',NULL,NULL),(22,'ZDV 108 Medley.pdf','Admin','1510148888','/Posaunenchor Cobbel',NULL,NULL),(23,'ZDV 107 Trio.pdf','Admin','1510148889','/Posaunenchor Cobbel',NULL,NULL),(24,'ZDV 114 Ihr Kinderlein.pdf','Admin','1510148889','/Posaunenchor Cobbel',NULL,NULL),(25,'ZDV 112 Morgen kommt.pdf','Admin','1510148889','/Posaunenchor Cobbel',NULL,NULL),(26,'ZDV 112-113 Laßt uns.pdf','Admin','1510148889','/Posaunenchor Cobbel',NULL,NULL),(27,'ZDV 115 Zu Bethlehem; Alle Jahre.pdf','Admin','1510148889','/Posaunenchor Cobbel',NULL,NULL),(28,'ZDV 116-117 Kling.pdf','Admin','1510148889','/Posaunenchor Cobbel',NULL,NULL),(29,'ZDV 107 Trio.pdf','PCC','1510148889','Posaunenchor Cobbel',NULL,NULL),(30,'ZDV 118-119 Morgen Kinder.pdf','Admin','1510148889','/Posaunenchor Cobbel',NULL,NULL),(31,'ZDV 114 Ihr Kinderlein.pdf','PCC','1510148889','Posaunenchor Cobbel',NULL,NULL),(32,'ZDV 108 Medley.pdf','PCC','1510148888','Posaunenchor Cobbel',NULL,NULL),(33,'ZDV 112 Morgen kommt.pdf','PCC','1510148889','Posaunenchor Cobbel',NULL,NULL),(34,'ZDV 112-113 Laßt uns.pdf','PCC','1510148889','Posaunenchor Cobbel',NULL,NULL),(35,'ZDV 115 Zu Bethlehem; Alle Jahre.pdf','PCC','1510148889','Posaunenchor Cobbel',NULL,NULL),(36,'ZDV 116-117 Kling.pdf','PCC','1510148889','Posaunenchor Cobbel',NULL,NULL),(37,'ZDV 118-119 Morgen Kinder.pdf','PCC','1510148889','Posaunenchor Cobbel',NULL,NULL),(38,'ZDV 120 Schneeflöckchen.pdf','Admin','1510148890','/Posaunenchor Cobbel',NULL,NULL),(39,'ZDV 121 HARK!.pdf','Admin','1510148890','/Posaunenchor Cobbel',NULL,NULL),(40,'ZDV 121 HARK!.pdf','PCC','1510148890','Posaunenchor Cobbel',NULL,NULL),(41,'ZDV 120 Schneeflöckchen.pdf','PCC','1510148890','Posaunenchor Cobbel',NULL,NULL),(42,'Programme','Admin','1511454209','Posaunenchor Cobbel',NULL,NULL),(43,'advent 15.docx','Admin','1511454218','Posaunenchor Cobbel',NULL,NULL),(44,'neujahr 16.docx','Admin','1511454223','Posaunenchor Cobbel',NULL,NULL),(45,'KD 6.pdf','Admin','1511962727','Posaunenchor Cobbel/PCC Noten KD',NULL,NULL),(46,'VL 17 Sah ein Knab.pdf','Admin','1513159858','/Posaunenchor Cobbel/PCC Volkslieder',NULL,NULL),(47,'VL Inhaltsverzeichnis.pdf','Admin','1513159858','/Posaunenchor Cobbel/PCC Volkslieder',NULL,NULL),(48,'VL Inhaltsverzeichnis.pdf','PCC','1513159858','Posaunenchor Cobbel/PCC Volkslieder',NULL,NULL),(49,'VL 17 Sah ein Knab.pdf','PCC','1513159858','Posaunenchor Cobbel/PCC Volkslieder',NULL,NULL),(50,'VL Inhaltsverzeichnis.jpg','Admin','1513159995','/Posaunenchor Cobbel/PCC Volkslieder',NULL,NULL),(51,'VL Inhaltsverzeichnis.jpg','PCC','1513159995','Posaunenchor Cobbel/PCC Volkslieder',NULL,NULL),(52,'V Inhaltsverzeichnis.pdf','Admin','1513160062','/Posaunenchor Cobbel/PCC Volkslieder',NULL,NULL),(53,'V Inhaltsverzeichnis.pdf','PCC','1513160062','Posaunenchor Cobbel/PCC Volkslieder',NULL,NULL),(54,'6.4 Nachspiel jpg.jpg','Admin','1515158072','/Posaunenchor Cobbel/PCC Mappe 6',NULL,NULL),(55,'6.4 Nachspiel jpg.jpg','PCC','1515158072','Posaunenchor Cobbel/PCC Mappe 6',NULL,NULL),(56,'advent 15.docx','Admin','1521490344','Posaunenchor Cobbel/Termine 2018',NULL,NULL),(57,'advent Programm NC PCC 2015.pdf','Admin','1521490344','Posaunenchor Cobbel/Termine 2018',NULL,NULL),(58,'Christvesper Cobbel 2015 Ablauf.pdf','Admin','1521490344','Posaunenchor Cobbel/Termine 2018',NULL,NULL),(59,'wwwDSC_3563.jpg','Admin','1523619460','Krone/2.OG WE05',NULL,NULL),(60,'wwwDSC_3562.jpg','Admin','1523619460','Krone/2.OG WE05',NULL,NULL),(61,'wwwDSC_3572.jpg','Admin','1523619460','Krone/2.OG WE05',NULL,NULL),(62,'Mappe 1','Admin','1527744465','Krone',NULL,NULL),(63,'Scan0067.odt','Admin','1527822866','Posaunenchor Cobbel/PCC Mappen Inhaltsverzeichnisse',NULL,NULL),(64,'Inhaltsverzeichnis Posaunenchor Cobbel.pdf','Admin','1527822866','Posaunenchor Cobbel/PCC Mappen Inhaltsverzeichnisse',NULL,NULL),(65,'Inhaltsverzeichnis Posaunenchor Cobbel.odt','Admin','1527822866','Posaunenchor Cobbel/PCC Mappen Inhaltsverzeichnisse',NULL,NULL),(66,'Inhaltsverzeichnis Posaunenchor Cobbel 2spaltig.odt','Admin','1527822866','Posaunenchor Cobbel/PCC Mappen Inhaltsverzeichnisse',NULL,NULL),(67,'Inhaltsverzeichnis Posaunenchor Cobbel 2spaltig.pdf','Admin','1527822866','Posaunenchor Cobbel/PCC Mappen Inhaltsverzeichnisse',NULL,NULL),(68,'WE05','Admin','1531978217','DELTA Computer',NULL,NULL),(69,'UWWW6575.JPG','Admin','1534066452','Posaunenchor Cobbel/PCC Mappe 1',NULL,NULL),(70,'UWWW6575a.jpg','Admin','1534066452','Posaunenchor Cobbel/PCC Mappe 1',NULL,NULL),(71,'Neue Verknüpfung.lnk','Admin','1534634254','Krone/Noten VLH/Teil1',NULL,NULL),(72,'2018-06-27-raspbian-stretch.zip','Admin','1536185619','Krone/Noten VLH',NULL,NULL),(73,'EG324 + Vorspiel 322.pdf','Admin','1536314199','/Posaunenchor Cobbel/PCC Noten EG',NULL,NULL),(74,'EG324 + Vorspiel 322.pdf','PCC','1536314199','Posaunenchor Cobbel/PCC Noten EG',NULL,NULL),(75,'6.4 Intonation Satz 1.pdf','Admin','1536317537','/Posaunenchor Cobbel/PCC Mappe 6',NULL,NULL),(76,'6.4 Nachspiel.pdf','Admin','1536317537','/Posaunenchor Cobbel/PCC Mappe 6',NULL,NULL),(77,'6.4 Nachspiel.pdf','PCC','1536317537','Posaunenchor Cobbel/PCC Mappe 6',NULL,NULL),(78,'6.4 Intonation Satz 1.pdf','PCC','1536317537','Posaunenchor Cobbel/PCC Mappe 6',NULL,NULL),(79,'Mappe 1.21 Nun danket all und bringet Ehr.pdf','Admin','1536319144','/Posaunenchor Cobbel/PCC Mappe 1',NULL,NULL),(80,'Mappe 1.21 Nun danket all und bringet Ehr.pdf','PCC','1536319144','Posaunenchor Cobbel/PCC Mappe 1',NULL,NULL),(81,'deltacloudsync sicherung','Admin','1536396599','.',NULL,NULL);

--
-- Table structure for table `oc_flow_checks`
--

CREATE TABLE `oc_flow_checks` (
  `id` int(11) NOT NULL AUTO_INCREMENT,
  `class` varchar(256) COLLATE utf8mb4_bin NOT NULL,
  `operator` varchar(16) COLLATE utf8mb4_bin NOT NULL,
  `value` longtext COLLATE utf8mb4_bin,
  `hash` varchar(32) COLLATE utf8mb4_bin NOT NULL,
  PRIMARY KEY (`id`),
  UNIQUE KEY `flow_unique_hash` (`hash`)
) ENGINE=InnoDB DEFAULT CHARSET=utf8mb4 COLLATE=utf8mb4_bin ROW_FORMAT=COMPRESSED;

--
-- Dumping data for table `oc_flow_checks`
--


--
-- Table structure for table `oc_flow_operations`
--

CREATE TABLE `oc_flow_operations` (
  `id` int(11) NOT NULL AUTO_INCREMENT,
  `class` varchar(256) COLLATE utf8mb4_bin NOT NULL,
  `name` varchar(256) COLLATE utf8mb4_bin NOT NULL,
  `checks` longtext COLLATE utf8mb4_bin,
  `operation` longtext COLLATE utf8mb4_bin,
  PRIMARY KEY (`id`)
) ENGINE=InnoDB DEFAULT CHARSET=utf8mb4 COLLATE=utf8mb4_bin ROW_FORMAT=COMPRESSED;

--
-- Dumping data for table `oc_flow_operations`
--


--
-- Table structure for table `oc_group_admin`
--

CREATE TABLE `oc_group_admin` (
  `gid` varchar(64) COLLATE utf8mb4_bin NOT NULL DEFAULT '',
  `uid` varchar(64) COLLATE utf8mb4_bin NOT NULL DEFAULT '',
  PRIMARY KEY (`gid`,`uid`),
  KEY `group_admin_uid` (`uid`)
) ENGINE=InnoDB DEFAULT CHARSET=utf8mb4 COLLATE=utf8mb4_bin ROW_FORMAT=COMPRESSED;

--
-- Dumping data for table `oc_group_admin`
--


--
-- Table structure for table `oc_group_user`
--

CREATE TABLE `oc_group_user` (
  `gid` varchar(64) COLLATE utf8mb4_bin NOT NULL DEFAULT '',
  `uid` varchar(64) COLLATE utf8mb4_bin NOT NULL DEFAULT '',
  PRIMARY KEY (`gid`,`uid`),
  KEY `gu_uid_index` (`uid`)
) ENGINE=InnoDB DEFAULT CHARSET=utf8mb4 COLLATE=utf8mb4_bin ROW_FORMAT=COMPRESSED;

--
-- Dumping data for table `oc_group_user`
--

INSERT INTO `oc_group_user` VALUES ('admin','Admin');

--
-- Table structure for table `oc_groups`
--

CREATE TABLE `oc_groups` (
  `gid` varchar(64) COLLATE utf8mb4_bin NOT NULL DEFAULT '',
  PRIMARY KEY (`gid`)
) ENGINE=InnoDB DEFAULT CHARSET=utf8mb4 COLLATE=utf8mb4_bin ROW_FORMAT=COMPRESSED;

--
-- Dumping data for table `oc_groups`
--

INSERT INTO `oc_groups` VALUES ('admin');

--
-- Table structure for table `oc_jobs`
--

CREATE TABLE `oc_jobs` (
  `id` int(10) unsigned NOT NULL AUTO_INCREMENT,
  `class` varchar(255) COLLATE utf8mb4_bin NOT NULL DEFAULT '',
  `argument` varchar(4000) COLLATE utf8mb4_bin NOT NULL DEFAULT '',
  `last_run` int(11) DEFAULT '0',
  `last_checked` int(11) DEFAULT '0',
  `reserved_at` int(11) DEFAULT '0',
  `execution_duration` int(11) NOT NULL DEFAULT '0',
  PRIMARY KEY (`id`),
  KEY `job_class_index` (`class`)
) ENGINE=InnoDB AUTO_INCREMENT=16 DEFAULT CHARSET=utf8mb4 COLLATE=utf8mb4_bin ROW_FORMAT=COMPRESSED;

--
-- Dumping data for table `oc_jobs`
--

INSERT INTO `oc_jobs` VALUES (2,'OCA\\Files_Trashbin\\BackgroundJob\\ExpireTrash','null',1537799004,1537799004,0,0),(3,'OCA\\Files_Sharing\\DeleteOrphanedSharesJob','null',1537799024,1537799024,0,0),(4,'OCA\\Files_Sharing\\ExpireSharesJob','null',1537799032,1537799032,0,0),(5,'OCA\\DAV\\CardDAV\\SyncJob','null',1537679457,1537679456,0,5),(6,'OCA\\Activity\\BackgroundJob\\EmailNotification','null',1537774645,1537774645,0,0),(7,'OCA\\Activity\\BackgroundJob\\ExpireActivities','null',1537774661,1537774661,0,1),(8,'OCA\\UpdateNotification\\Notification\\BackgroundJob','null',1537774778,1537774778,0,1),(9,'OCA\\NextcloudAnnouncements\\Cron\\Crawler','null',1537778867,1537778867,0,1),(10,'OCA\\Files\\BackgroundJob\\ScanFiles','null',1537779086,1537779086,0,0),(11,'OCA\\Files\\BackgroundJob\\DeleteOrphanedItems','null',1537779090,1537779090,0,0),(12,'OCA\\Files\\BackgroundJob\\CleanupFileLocks','null',1537779100,1537779100,0,0),(13,'OCA\\Files_Versions\\BackgroundJob\\ExpireVersions','null',1537779114,1537779114,0,0),(14,'OCA\\Federation\\SyncJob','null',1537779131,1537779131,0,0),(15,'\\OC\\Authentication\\Token\\DefaultTokenCleanupJob','null',1537780952,1537780952,0,0);

--
-- Table structure for table `oc_mimetypes`
--

CREATE TABLE `oc_mimetypes` (
  `id` int(11) NOT NULL AUTO_INCREMENT,
  `mimetype` varchar(255) COLLATE utf8mb4_bin NOT NULL DEFAULT '',
  PRIMARY KEY (`id`),
  UNIQUE KEY `mimetype_id_index` (`mimetype`)
) ENGINE=InnoDB AUTO_INCREMENT=38 DEFAULT CHARSET=utf8mb4 COLLATE=utf8mb4_bin ROW_FORMAT=COMPRESSED;

--
-- Dumping data for table `oc_mimetypes`
--

INSERT INTO `oc_mimetypes` VALUES (3,'application'),(36,'application/font-sfnt'),(35,'application/illustrator'),(13,'application/javascript'),(4,'application/json'),(33,'application/msword'),(14,'application/octet-stream'),(5,'application/pdf'),(22,'application/vnd.oasis.opendocument.spreadsheet'),(10,'application/vnd.oasis.opendocument.text'),(26,'application/vnd.openxmlformats-officedocument.presentationml.presentation'),(23,'application/vnd.openxmlformats-officedocument.spreadsheetml.sheet'),(31,'application/vnd.openxmlformats-officedocument.wordprocessingml.document'),(29,'application/x-deb'),(37,'application/x-font'),(15,'application/x-gzip'),(27,'application/x-ms-dos-executable'),(32,'application/x-photoshop'),(25,'application/zip'),(19,'audio'),(20,'audio/mpeg'),(1,'httpd'),(2,'httpd/unix-directory'),(11,'image'),(28,'image/bmp'),(12,'image/jpeg'),(21,'image/png'),(17,'image/svg+xml'),(34,'image/tiff'),(8,'text'),(16,'text/css'),(24,'text/html'),(9,'text/plain'),(30,'text/x-shellscript'),(6,'video'),(7,'video/mp4');

--
-- Table structure for table `oc_mounts`
--

CREATE TABLE `oc_mounts` (
  `id` int(11) NOT NULL AUTO_INCREMENT,
  `storage_id` int(11) NOT NULL,
  `root_id` int(11) NOT NULL,
  `user_id` varchar(64) COLLATE utf8mb4_bin NOT NULL,
  `mount_point` varchar(4000) COLLATE utf8mb4_bin NOT NULL,
  `mount_id` int(11) DEFAULT NULL,
  PRIMARY KEY (`id`),
  UNIQUE KEY `mounts_user_root_index` (`user_id`,`root_id`),
  KEY `mounts_user_index` (`user_id`),
  KEY `mounts_storage_index` (`storage_id`),
  KEY `mounts_root_index` (`root_id`),
  KEY `mounts_mount_id_index` (`mount_id`)
) ENGINE=InnoDB AUTO_INCREMENT=9 DEFAULT CHARSET=utf8mb4 COLLATE=utf8mb4_bin ROW_FORMAT=COMPRESSED;

--
-- Dumping data for table `oc_mounts`
--

INSERT INTO `oc_mounts` VALUES (1,2,6,'Admin','/Admin/',NULL),(3,5,232,'Admin','/Admin/files/Dateien/',1),(4,2,235,'PCC','/PCC/files/Posaunenchor Cobbel/',NULL),(5,6,557,'PCC','/PCC/',NULL),(6,10,1741,'PCC','/PCC/files/Lokal/',2),(8,12,1880,'Brendel','/Brendel/',NULL);

--
-- Table structure for table `oc_notifications`
--

CREATE TABLE `oc_notifications` (
  `notification_id` int(11) NOT NULL AUTO_INCREMENT,
  `app` varchar(32) COLLATE utf8mb4_bin NOT NULL,
  `user` varchar(64) COLLATE utf8mb4_bin NOT NULL,
  `timestamp` int(11) NOT NULL DEFAULT '0',
  `object_type` varchar(64) COLLATE utf8mb4_bin NOT NULL,
  `object_id` varchar(64) COLLATE utf8mb4_bin NOT NULL,
  `subject` varchar(64) COLLATE utf8mb4_bin NOT NULL,
  `subject_parameters` longtext COLLATE utf8mb4_bin,
  `message` varchar(64) COLLATE utf8mb4_bin DEFAULT NULL,
  `message_parameters` longtext COLLATE utf8mb4_bin,
  `link` varchar(4000) COLLATE utf8mb4_bin DEFAULT NULL,
  `icon` varchar(4000) COLLATE utf8mb4_bin DEFAULT NULL,
  `actions` longtext COLLATE utf8mb4_bin,
  PRIMARY KEY (`notification_id`),
  KEY `oc_notifications_app` (`app`),
  KEY `oc_notifications_user` (`user`),
  KEY `oc_notifications_timestamp` (`timestamp`),
  KEY `oc_notifications_object` (`object_type`,`object_id`)
) ENGINE=InnoDB AUTO_INCREMENT=7 DEFAULT CHARSET=utf8mb4 COLLATE=utf8mb4_bin ROW_FORMAT=COMPRESSED;

--
-- Dumping data for table `oc_notifications`
--

INSERT INTO `oc_notifications` VALUES (3,'firstrunwizard','PCC',1496215099,'user','PCC','profile','[]','','[]','','','[]'),(4,'firstrunwizard','Kalender',1496313107,'user','Kalender','profile','[]','','[]','','','[]'),(5,'firstrunwizard','Brendel',1496899882,'user','Brendel','profile','[]','','[]','','','[]'),(6,'updatenotification','Admin',1536297851,'core','13.0.6.1','update_available','{\"version\":\"Nextcloud 13.0.6\"}','','[]','','','[]');

--
-- Table structure for table `oc_notifications_pushtokens`
--

CREATE TABLE `oc_notifications_pushtokens` (
  `uid` varchar(64) COLLATE utf8mb4_bin NOT NULL,
  `token` int(11) NOT NULL DEFAULT '0',
  `deviceidentifier` varchar(128) COLLATE utf8mb4_bin NOT NULL,
  `devicepublickey` varchar(512) COLLATE utf8mb4_bin NOT NULL,
  `devicepublickeyhash` varchar(128) COLLATE utf8mb4_bin NOT NULL,
  `pushtokenhash` varchar(128) COLLATE utf8mb4_bin NOT NULL,
  `proxyserver` varchar(256) COLLATE utf8mb4_bin NOT NULL,
  UNIQUE KEY `oc_notifpushtoken` (`uid`,`token`)
) ENGINE=InnoDB DEFAULT CHARSET=utf8mb4 COLLATE=utf8mb4_bin ROW_FORMAT=COMPRESSED;

--
-- Dumping data for table `oc_notifications_pushtokens`
--


--
-- Table structure for table `oc_oauth2_access_tokens`
--

CREATE TABLE `oc_oauth2_access_tokens` (
  `id` int(10) unsigned NOT NULL AUTO_INCREMENT,
  `token_id` int(11) NOT NULL,
  `client_id` int(11) NOT NULL,
  `hashed_code` varchar(128) COLLATE utf8mb4_bin NOT NULL,
  `encrypted_token` varchar(786) COLLATE utf8mb4_bin NOT NULL,
  PRIMARY KEY (`id`),
  UNIQUE KEY `oauth2_access_hash_idx` (`hashed_code`),
  KEY `oauth2_access_client_id_idx` (`client_id`)
) ENGINE=InnoDB DEFAULT CHARSET=utf8mb4 COLLATE=utf8mb4_bin ROW_FORMAT=COMPRESSED;

--
-- Dumping data for table `oc_oauth2_access_tokens`
--


--
-- Table structure for table `oc_oauth2_clients`
--

CREATE TABLE `oc_oauth2_clients` (
  `id` int(10) unsigned NOT NULL AUTO_INCREMENT,
  `name` varchar(64) COLLATE utf8mb4_bin NOT NULL,
  `redirect_uri` varchar(2000) COLLATE utf8mb4_bin NOT NULL,
  `client_identifier` varchar(64) COLLATE utf8mb4_bin NOT NULL,
  `secret` varchar(64) COLLATE utf8mb4_bin NOT NULL,
  PRIMARY KEY (`id`),
  KEY `oauth2_client_id_idx` (`client_identifier`)
) ENGINE=InnoDB DEFAULT CHARSET=utf8mb4 COLLATE=utf8mb4_bin ROW_FORMAT=COMPRESSED;

--
-- Dumping data for table `oc_oauth2_clients`
--


--
-- Table structure for table `oc_preferences`
--

CREATE TABLE `oc_preferences` (
  `userid` varchar(64) COLLATE utf8mb4_bin NOT NULL DEFAULT '',
  `appid` varchar(32) COLLATE utf8mb4_bin NOT NULL DEFAULT '',
  `configkey` varchar(64) COLLATE utf8mb4_bin NOT NULL DEFAULT '',
  `configvalue` longtext COLLATE utf8mb4_bin,
  PRIMARY KEY (`userid`,`appid`,`configkey`)
) ENGINE=InnoDB DEFAULT CHARSET=utf8mb4 COLLATE=utf8mb4_bin ROW_FORMAT=COMPRESSED;

--
-- Dumping data for table `oc_preferences`
--

INSERT INTO `oc_preferences` VALUES ('Admin','calendar','currentView','month'),('Admin','calendar','firstRun','no'),('Admin','core','lang','de_DE'),('Admin','core','timezone','Europe/Berlin'),('Admin','files_external','config_version','0.5.0'),('Admin','firstrunwizard','show','0'),('Admin','login','lastLogin','1537869945'),('Brendel','calendar','currentView','month'),('Brendel','calendar','firstRun','no'),('Brendel','core','lang','de'),('Brendel','core','timezone','Europe/Berlin'),('Brendel','files_external','config_version','0.5.0'),('Brendel','firstrunwizard','show','0'),('Brendel','login','lastLogin','1537862005'),('Extern','files_external','config_version','0.5.0'),('Immanuel','files_external','config_version','0.5.0'),('Oli','files_external','config_version','0.5.0'),('PCC','calendar','currentView','month'),('PCC','calendar','firstRun','no'),('PCC','core','lang','de'),('PCC','core','timezone','Europe/Berlin'),('PCC','files','file_sorting','name'),('PCC','files','file_sorting_direction','asc'),('PCC','files_external','config_version','0.5.0'),('PCC','firstrunwizard','show','0'),('PCC','login','lastLogin','1537679448'),('PCC','login_token','/5VN01gF5RJadoiZlA18rvu0kVynNhXw','1509727451'),('PCC','login_token','8TSi+xjVBRpW9GgFo5TswIrJrRJhdatS','1511368756'),('PCC','login_token','TG9tSocFawLk5otj3Y2TjpGz2ew1m7Nh','1511370224'),('PCC','login_token','X9nsgOenWfBfFnCAKAkKS7G7yzDUxJvL','1510578282'),('PCC','login_token','dIWIrMUNdJz3t88AtJ5wqrrD9meq+O+n','1528444322'),('PCC','login_token','yoaES6/e/p+1RXpp2iYbvmOnxUhB73T6','1512805796');

--
-- Table structure for table `oc_privatedata`
--

CREATE TABLE `oc_privatedata` (
  `keyid` int(10) unsigned NOT NULL AUTO_INCREMENT,
  `user` varchar(64) COLLATE utf8mb4_bin NOT NULL DEFAULT '',
  `app` varchar(255) COLLATE utf8mb4_bin NOT NULL DEFAULT '',
  `key` varchar(255) COLLATE utf8mb4_bin NOT NULL DEFAULT '',
  `value` varchar(255) COLLATE utf8mb4_bin NOT NULL DEFAULT '',
  PRIMARY KEY (`keyid`)
) ENGINE=InnoDB DEFAULT CHARSET=utf8mb4 COLLATE=utf8mb4_bin ROW_FORMAT=COMPRESSED;

--
-- Dumping data for table `oc_privatedata`
--


--
-- Table structure for table `oc_properties`
--

CREATE TABLE `oc_properties` (
  `id` int(11) NOT NULL AUTO_INCREMENT,
  `userid` varchar(64) COLLATE utf8mb4_bin NOT NULL DEFAULT '',
  `propertypath` varchar(255) COLLATE utf8mb4_bin NOT NULL DEFAULT '',
  `propertyname` varchar(255) COLLATE utf8mb4_bin NOT NULL DEFAULT '',
  `propertyvalue` longtext COLLATE utf8mb4_bin NOT NULL,
  PRIMARY KEY (`id`),
  KEY `property_index` (`userid`)
) ENGINE=InnoDB AUTO_INCREMENT=2 DEFAULT CHARSET=utf8mb4 COLLATE=utf8mb4_bin ROW_FORMAT=COMPRESSED;

--
-- Dumping data for table `oc_properties`
--

INSERT INTO `oc_properties` VALUES (1,'Admin','calendars/Admin/berufsschule-urlaub','{http://owncloud.org/ns}calendar-enabled','0');

--
-- Table structure for table `oc_schedulingobjects`
--

CREATE TABLE `oc_schedulingobjects` (
  `id` bigint(20) unsigned NOT NULL AUTO_INCREMENT,
  `principaluri` varchar(255) COLLATE utf8mb4_bin DEFAULT NULL,
  `calendardata` longblob,
  `uri` varchar(255) COLLATE utf8mb4_bin DEFAULT NULL,
  `lastmodified` int(10) unsigned DEFAULT NULL,
  `etag` varchar(32) COLLATE utf8mb4_bin DEFAULT NULL,
  `size` bigint(20) unsigned NOT NULL,
  PRIMARY KEY (`id`)
) ENGINE=InnoDB DEFAULT CHARSET=utf8mb4 COLLATE=utf8mb4_bin ROW_FORMAT=COMPRESSED;

--
-- Dumping data for table `oc_schedulingobjects`
--


--
-- Table structure for table `oc_share`
--

CREATE TABLE `oc_share` (
  `id` int(11) NOT NULL AUTO_INCREMENT,
  `share_type` smallint(6) NOT NULL DEFAULT '0',
  `share_with` varchar(255) COLLATE utf8mb4_bin DEFAULT NULL,
  `password` varchar(255) COLLATE utf8mb4_bin DEFAULT NULL,
  `uid_owner` varchar(64) COLLATE utf8mb4_bin NOT NULL DEFAULT '',
  `uid_initiator` varchar(64) COLLATE utf8mb4_bin DEFAULT NULL,
  `parent` int(11) DEFAULT NULL,
  `item_type` varchar(64) COLLATE utf8mb4_bin NOT NULL DEFAULT '',
  `item_source` varchar(255) COLLATE utf8mb4_bin DEFAULT NULL,
  `item_target` varchar(255) COLLATE utf8mb4_bin DEFAULT NULL,
  `file_source` int(11) DEFAULT NULL,
  `file_target` varchar(512) COLLATE utf8mb4_bin DEFAULT NULL,
  `permissions` smallint(6) NOT NULL DEFAULT '0',
  `stime` bigint(20) NOT NULL DEFAULT '0',
  `accepted` smallint(6) NOT NULL DEFAULT '0',
  `expiration` datetime DEFAULT NULL,
  `token` varchar(32) COLLATE utf8mb4_bin DEFAULT NULL,
  `mail_send` smallint(6) NOT NULL DEFAULT '0',
  `share_name` varchar(64) COLLATE utf8mb4_bin DEFAULT NULL,
  PRIMARY KEY (`id`),
  KEY `item_share_type_index` (`item_type`,`share_type`),
  KEY `file_source_index` (`file_source`),
  KEY `token_index` (`token`)
) ENGINE=InnoDB AUTO_INCREMENT=2 DEFAULT CHARSET=utf8mb4 COLLATE=utf8mb4_bin ROW_FORMAT=COMPRESSED;

--
-- Dumping data for table `oc_share`
--

INSERT INTO `oc_share` VALUES (1,0,'PCC',NULL,'Admin','Admin',NULL,'folder','235',NULL,235,'/Posaunenchor Cobbel',31,1496152885,0,NULL,NULL,0,NULL);

--
-- Table structure for table `oc_share_external`
--

CREATE TABLE `oc_share_external` (
  `id` int(11) NOT NULL AUTO_INCREMENT,
  `remote` varchar(512) COLLATE utf8mb4_bin NOT NULL COMMENT 'Url of the remove owncloud instance',
  `remote_id` int(11) NOT NULL DEFAULT '-1',
  `share_token` varchar(64) COLLATE utf8mb4_bin NOT NULL COMMENT 'Public share token',
  `password` varchar(64) COLLATE utf8mb4_bin DEFAULT NULL COMMENT 'Optional password for the public share',
  `name` varchar(64) COLLATE utf8mb4_bin NOT NULL COMMENT 'Original name on the remote server',
  `owner` varchar(64) COLLATE utf8mb4_bin NOT NULL COMMENT 'User that owns the public share on the remote server',
  `user` varchar(64) COLLATE utf8mb4_bin NOT NULL COMMENT 'Local user which added the external share',
  `mountpoint` varchar(4000) COLLATE utf8mb4_bin NOT NULL COMMENT 'Full path where the share is mounted',
  `mountpoint_hash` varchar(32) COLLATE utf8mb4_bin NOT NULL COMMENT 'md5 hash of the mountpoint',
  `accepted` int(11) NOT NULL DEFAULT '0',
  PRIMARY KEY (`id`),
  UNIQUE KEY `sh_external_mp` (`user`,`mountpoint_hash`),
  KEY `sh_external_user` (`user`)
) ENGINE=InnoDB DEFAULT CHARSET=utf8mb4 COLLATE=utf8mb4_bin ROW_FORMAT=COMPRESSED;

--
-- Dumping data for table `oc_share_external`
--


--
-- Table structure for table `oc_storages`
--

CREATE TABLE `oc_storages` (
  `id` varchar(64) COLLATE utf8mb4_bin DEFAULT NULL,
  `numeric_id` int(11) NOT NULL AUTO_INCREMENT,
  `available` int(11) NOT NULL DEFAULT '1',
  `last_checked` int(11) DEFAULT NULL,
  PRIMARY KEY (`numeric_id`),
  UNIQUE KEY `storages_id_index` (`id`)
) ENGINE=InnoDB AUTO_INCREMENT=13 DEFAULT CHARSET=utf8mb4 COLLATE=utf8mb4_bin ROW_FORMAT=COMPRESSED;

--
-- Dumping data for table `oc_storages`
--

INSERT INTO `oc_storages` VALUES ('local::/var/www/deltacloud/data/',1,1,NULL),('home::Admin',2,1,NULL),('local::/var/clouddata/deltacloud/',3,1,NULL),('local::/var/clouddata/deltacloud/Admin/',4,1,1496152600),('home::PCC',6,1,NULL),('home::Extern',7,1,NULL),('home::Immanuel',8,1,NULL),('home::Oli',9,1,NULL),('local::/var/clouddata/deltacloud/PCC/files/',10,1,1537679459),('home::Brendel',12,1,NULL);

--
-- Table structure for table `oc_systemtag`
--

CREATE TABLE `oc_systemtag` (
  `id` int(10) unsigned NOT NULL AUTO_INCREMENT,
  `name` varchar(64) COLLATE utf8mb4_bin NOT NULL DEFAULT '',
  `visibility` smallint(6) NOT NULL DEFAULT '1',
  `editable` smallint(6) NOT NULL DEFAULT '1',
  PRIMARY KEY (`id`),
  UNIQUE KEY `tag_ident` (`name`,`visibility`,`editable`)
) ENGINE=InnoDB DEFAULT CHARSET=utf8mb4 COLLATE=utf8mb4_bin ROW_FORMAT=COMPRESSED;

--
-- Dumping data for table `oc_systemtag`
--


--
-- Table structure for table `oc_systemtag_group`
--

CREATE TABLE `oc_systemtag_group` (
  `systemtagid` int(10) unsigned NOT NULL DEFAULT '0',
  `gid` varchar(255) COLLATE utf8mb4_bin NOT NULL,
  PRIMARY KEY (`gid`,`systemtagid`)
) ENGINE=InnoDB DEFAULT CHARSET=utf8mb4 COLLATE=utf8mb4_bin ROW_FORMAT=COMPRESSED;

--
-- Dumping data for table `oc_systemtag_group`
--


--
-- Table structure for table `oc_systemtag_object_mapping`
--

CREATE TABLE `oc_systemtag_object_mapping` (
  `objectid` varchar(64) COLLATE utf8mb4_bin NOT NULL DEFAULT '',
  `objecttype` varchar(64) COLLATE utf8mb4_bin NOT NULL DEFAULT '',
  `systemtagid` int(10) unsigned NOT NULL DEFAULT '0',
  UNIQUE KEY `mapping` (`objecttype`,`objectid`,`systemtagid`)
) ENGINE=InnoDB DEFAULT CHARSET=utf8mb4 COLLATE=utf8mb4_bin ROW_FORMAT=COMPRESSED;

--
-- Dumping data for table `oc_systemtag_object_mapping`
--


--
-- Table structure for table `oc_trusted_servers`
--

CREATE TABLE `oc_trusted_servers` (
  `id` int(11) NOT NULL AUTO_INCREMENT,
  `url` varchar(512) COLLATE utf8mb4_bin NOT NULL COMMENT 'Url of trusted server',
  `url_hash` varchar(255) COLLATE utf8mb4_bin NOT NULL DEFAULT '' COMMENT 'sha1 hash of the url without the protocol',
  `token` varchar(128) COLLATE utf8mb4_bin DEFAULT NULL COMMENT 'token used to exchange the shared secret',
  `shared_secret` varchar(256) COLLATE utf8mb4_bin DEFAULT NULL COMMENT 'shared secret used to authenticate',
  `status` int(11) NOT NULL DEFAULT '2' COMMENT 'current status of the connection',
  `sync_token` varchar(512) COLLATE utf8mb4_bin DEFAULT NULL COMMENT 'cardDav sync token',
  PRIMARY KEY (`id`),
  UNIQUE KEY `url_hash` (`url_hash`)
) ENGINE=InnoDB DEFAULT CHARSET=utf8mb4 COLLATE=utf8mb4_bin ROW_FORMAT=COMPRESSED;

--
-- Dumping data for table `oc_trusted_servers`
--


--
-- Table structure for table `oc_twofactor_backupcodes`
--

CREATE TABLE `oc_twofactor_backupcodes` (
  `id` int(11) NOT NULL AUTO_INCREMENT,
  `user_id` varchar(64) COLLATE utf8mb4_bin NOT NULL DEFAULT '',
  `code` varchar(64) COLLATE utf8mb4_bin NOT NULL,
  `used` smallint(6) NOT NULL DEFAULT '0',
  PRIMARY KEY (`id`),
  KEY `twofactor_backupcodes_uid` (`user_id`)
) ENGINE=InnoDB DEFAULT CHARSET=utf8mb4 COLLATE=utf8mb4_bin ROW_FORMAT=COMPRESSED;

--
-- Dumping data for table `oc_twofactor_backupcodes`
--


--
-- Table structure for table `oc_users`
--

CREATE TABLE `oc_users` (
  `uid` varchar(64) COLLATE utf8mb4_bin NOT NULL DEFAULT '',
  `displayname` varchar(64) COLLATE utf8mb4_bin DEFAULT NULL,
  `password` varchar(255) COLLATE utf8mb4_bin NOT NULL DEFAULT '',
  PRIMARY KEY (`uid`)
) ENGINE=InnoDB DEFAULT CHARSET=utf8mb4 COLLATE=utf8mb4_bin ROW_FORMAT=COMPRESSED;

--
-- Dumping data for table `oc_users`
--

INSERT INTO `oc_users` VALUES ('Admin',NULL,'1|$2y$10$PJcuJBgixUJN94ONFcEg8eaW90sBPcI7srwm7uWRJPkvbSizJOvbS'),('Brendel',NULL,'1|$2y$10$D3oy.kuD3rl2IF8k.rdN0u39zMAimlvc7wiwDTanAvsOKGCUiUT8K'),('Extern',NULL,'1|$2y$10$AmjFH8GEmgVq3/NDaWaHDO9dRVNeB7JmAwjbjPUvT8f4j6z3KmRSe'),('Immanuel',NULL,'1|$2y$10$oTXhgdt5Wkj9omDnlCEwLOhwGcuG5.43BOb/O6mXbu8WREROMk56.'),('Oli',NULL,'1|$2y$10$C8uhtHutpkVM0L0KKusI6ufodrdEPJlf/GJhdwd4YMvQhB9gzKiGC'),('PCC',NULL,'1|$2y$10$wNPbqzWoQTEfWZZPenFv0egKY3N5jAGeACwYKuCTJom74X9S7oqa6');

--
-- Table structure for table `oc_vcategory`
--

CREATE TABLE `oc_vcategory` (
  `id` int(10) unsigned NOT NULL AUTO_INCREMENT,
  `uid` varchar(64) COLLATE utf8mb4_bin NOT NULL DEFAULT '',
  `type` varchar(64) COLLATE utf8mb4_bin NOT NULL DEFAULT '',
  `category` varchar(255) COLLATE utf8mb4_bin NOT NULL DEFAULT '',
  PRIMARY KEY (`id`),
  KEY `uid_index` (`uid`),
  KEY `type_index` (`type`),
  KEY `category_index` (`category`)
) ENGINE=InnoDB AUTO_INCREMENT=2 DEFAULT CHARSET=utf8mb4 COLLATE=utf8mb4_bin ROW_FORMAT=COMPRESSED;

--
-- Dumping data for table `oc_vcategory`
--

INSERT INTO `oc_vcategory` VALUES (1,'PCC','files','_$!<Favorite>!$_');

--
-- Table structure for table `oc_vcategory_to_object`
--

CREATE TABLE `oc_vcategory_to_object` (
  `objid` int(10) unsigned NOT NULL DEFAULT '0',
  `categoryid` int(10) unsigned NOT NULL DEFAULT '0',
  `type` varchar(64) COLLATE utf8mb4_bin NOT NULL DEFAULT '',
  PRIMARY KEY (`categoryid`,`objid`,`type`),
  KEY `vcategory_objectd_index` (`objid`,`type`)
) ENGINE=InnoDB DEFAULT CHARSET=utf8mb4 COLLATE=utf8mb4_bin ROW_FORMAT=COMPRESSED;

--
-- Dumping data for table `oc_vcategory_to_object`
--

INSERT INTO `oc_vcategory_to_object` VALUES (235,1,'files');


